lse
Is 17370195467 prime?
False
Is 11820054434 a prime number?
False
Is 1208637041 a composite number?
False
Is 3940474691 composite?
False
Is 2412841471 prime?
False
Is 298779527 a composite number?
True
Is 43994822779 prime?
True
Is 43013783 prime?
True
Is 1477887209 composite?
True
Is 685551791 composite?
False
Is 672434953 composite?
True
Is 13820957 a prime number?
True
Is 10296869749 a prime number?
False
Is 1527126617 a composite number?
False
Is 3505212829 a prime number?
False
Is 25555332853 a prime number?
False
Is 135245309 composite?
True
Is 10851164699 a prime number?
True
Is 11823443179 a prime number?
True
Is 13365350221 a prime number?
True
Is 1834817447 prime?
True
Is 17598591401 a composite number?
False
Is 4420916449 prime?
True
Is 130516889 composite?
False
Is 50755551187 a prime number?
False
Is 988314487 prime?
False
Is 228089779 a composite number?
False
Is 17159011537 prime?
False
Is 9884485327 composite?
True
Is 56326504523 prime?
False
Is 1072945519 a composite number?
False
Is 2490575767 a prime number?
False
Is 96294643 prime?
True
Is 66049259 a prime number?
True
Is 7965201091 composite?
False
Is 1634704961 composite?
True
Is 370578354193 a prime number?
True
Is 2034366143 composite?
True
Is 1435506547 composite?
False
Is 10575636431 a prime number?
True
Is 2132967733 a prime number?
False
Is 171955453801 prime?
True
Is 3597001039 a composite number?
True
Is 2981337137 prime?
False
Is 277178233 composite?
False
Is 5268479441 prime?
False
Is 2470769783 composite?
True
Is 1843707611 composite?
True
Is 155436337729 composite?
False
Is 21430479641 prime?
True
Is 9917149037 a composite number?
True
Is 5640159143 a prime number?
True
Is 1425698459 composite?
True
Is 1016888657 composite?
True
Is 205767797 composite?
False
Is 19664826289 a prime number?
True
Is 23831853 a composite number?
True
Is 3800388677 a composite number?
False
Is 6917862331 a prime number?
False
Is 22849847 prime?
True
Is 1422177439 a composite number?
False
Is 16432873133 a composite number?
True
Is 8787506639 composite?
False
Is 908030749 composite?
False
Is 80456543333 a composite number?
False
Is 3151974443 prime?
False
Is 124539746447 composite?
False
Is 33752317 prime?
False
Is 114962087 a prime number?
False
Is 1007888969 a prime number?
False
Is 254909449 a prime number?
False
Is 218942222 a prime number?
False
Is 22868419441 a composite number?
True
Is 7054980511 prime?
True
Is 3790285571 a composite number?
False
Is 57985231327 composite?
True
Is 921876403 a prime number?
False
Is 2932663 composite?
True
Is 1102635907 a prime number?
False
Is 3270374339 prime?
True
Is 181399810429 a prime number?
True
Is 1396401449 prime?
False
Is 235516265 a composite number?
True
Is 7943313113 a prime number?
True
Is 20893785751 composite?
True
Is 6811775803 a composite number?
True
Is 545747203 a prime number?
False
Is 1537247919 a composite number?
True
Is 2412415519 composite?
False
Is 8683689763 composite?
True
Is 1794737221 prime?
False
Is 26592769331 composite?
True
Is 20762597 a prime number?
False
Is 1688036279 composite?
False
Is 2626857005 a prime number?
False
Is 1065657059 a composite number?
False
Is 1625947483 a composite number?
False
Is 721543717 a prime number?
True
Is 25276424798 composite?
True
Is 127845219919 a prime number?
True
Is 783650051 a composite number?
False
Is 689896903 prime?
True
Is 5091891619 composite?
True
Is 15784050589 prime?
True
Is 2583363631 prime?
False
Is 66623382763 prime?
False
Is 1822229 a prime number?
True
Is 716372693 a composite number?
True
Is 81689311514 a composite number?
True
Is 71040558037 a prime number?
False
Is 733084453 a composite number?
True
Is 18754334857 a prime number?
True
Is 3859590283 prime?
False
Is 1135967669 a prime number?
True
Is 313459997 a prime number?
True
Is 1771421753 a composite number?
False
Is 152747244853 a prime number?
False
Is 4654884363 a composite number?
True
Is 512362639 a prime number?
True
Is 950510849 a prime number?
True
Is 5369897957 a composite number?
False
Is 1674460661 composite?
False
Is 30539988763 composite?
False
Is 94433719141 prime?
False
Is 8896855511 a composite number?
False
Is 5554520267 a prime number?
True
Is 86456497 prime?
False
Is 3043537454 prime?
False
Is 8524401101 prime?
True
Is 4948118869 prime?
False
Is 8312856157 a composite number?
True
Is 169607287 prime?
False
Is 1714185709 a prime number?
True
Is 49651051 prime?
True
Is 149070801599 a composite number?
True
Is 8338424879 prime?
True
Is 391330843 a prime number?
False
Is 86462300377 a composite number?
False
Is 201094295 prime?
False
Is 162889179 prime?
False
Is 12249253817 composite?
False
Is 165187423 prime?
True
Is 3396415201 a composite number?
False
Is 2461618097 prime?
True
Is 555904409 a prime number?
False
Is 34794667861 prime?
True
Is 3174175637 prime?
True
Is 919032911 a composite number?
True
Is 1416059933 prime?
True
Is 16667642227 composite?
True
Is 39354893 composite?
True
Is 2711237981 prime?
True
Is 30998956111 composite?
False
Is 1711432703 composite?
False
Is 2556421259 composite?
True
Is 2226753691 prime?
True
Is 1722651563 prime?
False
Is 1182750617 a prime number?
True
Is 2739487097 prime?
False
Is 12329011 prime?
True
Is 11424387389 composite?
False
Is 4187171033 a composite number?
False
Is 68172955513 a prime number?
False
Is 2509148027 a composite number?
True
Is 252340357 prime?
True
Is 2772313939 composite?
False
Is 5569109517 prime?
False
Is 8453455643 composite?
False
Is 60667471087 a prime number?
True
Is 4394233705 composite?
True
Is 2719358351 composite?
False
Is 10058520953 a prime number?
False
Is 3527022281 a composite number?
True
Is 103804013797 a prime number?
False
Is 67612607 composite?
False
Is 854151929 a prime number?
True
Is 684934051 a prime number?
True
Is 119808139 a prime number?
False
Is 33396009841 a prime number?
True
Is 12048057239 a composite number?
True
Is 3455701334 a prime number?
False
Is 353742066935 composite?
True
Is 21822901703 a prime number?
True
Is 37919467681 composite?
False
Is 1483112989 prime?
False
Is 9835887437 a composite number?
True
Is 1394332021 a prime number?
True
Is 3913609249 a prime number?
False
Is 9789545489 a composite number?
True
Is 548832853 prime?
False
Is 28858400861 composite?
False
Is 17243434735 a prime number?
False
Is 75322713491 a prime number?
False
Is 955364581 prime?
False
Is 4647398243 a prime number?
False
Is 1237184303 composite?
False
Is 26662280987 a composite number?
False
Is 107545858457 prime?
True
Is 55466176219 prime?
True
Is 18647343251 prime?
True
Is 24738680933 a composite number?
False
Is 2479472549 a prime number?
False
Is 716512961 prime?
True
Is 568796677 prime?
True
Is 1267202239 a composite number?
False
Is 32384364791 prime?
True
Is 245866877 prime?
True
Is 44372940134 a composite number?
True
Is 37973609 composite?
True
Is 429879946 prime?
False
Is 9822531905 composite?
True
Is 90789227791 composite?
False
Is 1005961471 prime?
False
Is 3283927862 prime?
False
Is 4296900581 a composite number?
True
Is 35624211371 a prime number?
False
Is 973259607 a prime number?
False
Is 4439391241 composite?
True
Is 5685896147 a composite number?
True
Is 171940543 composite?
True
Is 5724384529 prime?
False
Is 15509007643 composite?
True
Is 8354706043 a prime number?
True
Is 5957573887 a prime number?
True
Is 60344593 a prime number?
True
Is 4827670313 composite?
True
Is 7506937631 composite?
False
Is 9662847707 composite?
True
Is 32142949 composite?
False
Is 2784612049 a composite number?
False
Is 1258414849 composite?
True
Is 12421713211 prime?
False
Is 1130479823 composite?
True
Is 31560753223 composite?
False
Is 59599003 prime?
False
Is 101330149223 a prime number?
True
Is 479301059 a composite number?
True
Is 21612769157 composite?
True
Is 2186098246 a composite number?
True
Is 211743502393 a composite number?
False
Is 91706579 prime?
False
Is 1988154437 composite?
True
Is 6752905417 prime?
True
Is 311392877 prime?
False
Is 801149023 composite?
True
Is 665369857 a prime number?
False
Is 9253705273 prime?
False
Is 185084129 composite?
True
Is 9916695511 composite?
False
Is 78030021523 a composite number?
False
Is 1162083619 prime?
False
Is 73565887 prime?
False
Is 34972739